s the highest common divisor of b and 735?
15
Suppose 5*o - 17822 = -10*j + 8*j, -5*o - 35614 = -4*j. Calculate the highest common factor of 61 and j.
61
Let w(c) = 9*c - 48. Let p be w(6). Suppose 10*f - 160 = -p*f. Calculate the highest common divisor of 20 and f.
10
Let z(p) = 5*p**2 - 84*p + 132. Let i be z(16). Calculate the highest common factor of i and 1076.
4
Let u be 1 + 0 - (-5 + 4). Suppose -5*j + 4*j + u = 0. Suppose 13*r + 6 = 32. What is the highest common factor of j and r?
2
Suppose -4*v = 3*j + 19, -v + 2 = -j + 5. Let x = 6 + v. Let g(p) = -27*p - 1436. Let k be g(-54). What is the highest common divisor of k and x?
2
Let z be 3 + 0 + -20 + 5 + -6. Let p(n) = n**3 + 16*n**2 - 40*n - 8. Let v be p(z). What is the highest common factor of 1088 and v?
64
Let o be ((-3)/(-6))/((-8)/(-880)). Suppose -33 = -2*b + 5. Let f = b + 14. What is the highest common factor of f and o?
11
Suppose -2*i + 4*l = -40, i - 2*i + 15 = -3*l. Suppose -5*p = 152 - 932. Let b = p - 96. What is the greatest common divisor of b and i?
30
Suppose -b - 100 = -2*f + f, -5*b + 25 = 0. Let i be 3/6 - 21/(-14). Suppose i*l - 12 = 30. What is the highest common divisor of l and f?
21
Suppose m + 28*l = 32*l + 26, 5*m = 3*l + 130. What is the greatest common divisor of 5876 and m?
26
Suppose -9*f = -55*f - 32*f + 18330. Calculate the highest common divisor of f and 10.
5
Let q(z) = -36*z + 1212. Let w be q(32). What is the greatest common divisor of 1605 and w?
15
Suppose 3*z - 2034 = -3*v, 3*z + 1747 = 3*v - 335. Calculate the highest common factor of 3038 and v.
98
Suppose 47*o = 25*o + 44. Suppose 0 = 2*i + 2*y - 44, 63*i = 60*i - o*y + 62. Calculate the greatest common divisor of i and 4.
2
Let d be (1/3)/(5/75). Let l be d*(1/6 + (-13)/(-30)). Suppose l*a - 31 = -5*w, 7*w - 36 = -4*a + 3*w. What is the greatest common factor of 49 and a?
7
Let n(b) = 107*b + 66. Let r be n(3). Calculate the highest common factor of 215 and r.
43
Let x = 9820 - 4361. What is the greatest common divisor of x and 53?
53
Suppose -2*y + 0 + 8 = 0. Let t(b) = -90*b**2 - 10*b + 10. Let p be t(1). Let h be (p/(-21))/(2*9/84). Calculate the greatest common factor of y and h.
4
Let v(p) = 23*p**2 + 35*p + 128. Let r be v(-5). What is the highest common factor of 165 and r?
33
Let g be (-1)/(-2) - (-2)/(-4). Let h be (4 - (g + -2)) + -4. Suppose -h*w - 5 = j + 2, -5*j + 2*w + 13 = 0. Calculate the highest common factor of j and 9.
1
Let o be 62 + -21*14/21 + 9. Calculate the highest common factor of o and 45999.
57
Suppose -8*q + 145 - 33 = 0. What is the greatest common divisor of q and 18634?
14
Suppose -5*z = -11 - 9. Suppose 9 = -z*h + 45. Let v(j) = 131*j - 1509. Let g be v(12). Calculate the greatest common factor of g and h.
9
Let a = -8202 + 9881. What is the greatest common divisor of a and 584?
73
Suppose 225 = -229*b + 244*b. Calculate the highest common factor of 6855 and b.
15
Suppose -c - 1495 = -2*m, 5*m - 47*c + 50*c = 3765. What is the greatest common factor of 120 and m?
30
Let j be (203/116)/((-6)/(-288)). Let t = -46 - -25. Let v be (-8)/(0 - (-3)/t). What is the greatest common divisor of v and j?
28
Suppose 15*o - 714 - 1595 = 3346. What is the highest common divisor of o and 493?
29
Let q(s) = -17*s**3 + 154*s**2 + 23*s - 9. Let w be q(9). Calculate the highest common divisor of w and 81.
9
Let l = -6640 - -11845. Calculate the highest common factor of l and 15.
15
Suppose -2*o + 4*j = -j - 345, -o + j = -177. Let l be 2236/18 - (-182)/(-819). Suppose -9*t = -200 - l. What is the highest common factor of o and t?
36
Suppose 260264 = 79*x + 30*x - 132027. What is the highest common divisor of x and 122?
61
Let u = 348 + -339. Suppose x + u = 2*x. What is the highest common factor of x and 117?
9
Let a(n) = -8*n**2 - 525*n - 324. Let x be a(-65). Suppose 0 = -5*q - 3*y + 239, -q - 3*q = -4*y - 204. Calculate the highest common factor of q and x.
1
Let b = -93 + 173. Let u = 160 - -40. Calculate the highest common divisor of u and b.
40
Let b = 67 - 64. Suppose 2*m - 192 = -3*q, q + 266 = b*m - 0*m. Calculate the highest common divisor of 30 and m.
30
Let r = -3 + 18. Let b be (r/20)/(2/40). Calculate the greatest common divisor of 240 and b.
15
Let u(m) = -m**3 + 22*m**2 - m + 27. Let y be u(22). Suppose 7*s + 150 = 12*s - 5*d, -y*s + 168 = d. Calculate the greatest common divisor of 66 and s.
33
Suppose -12 = -5*j + 3. Let s be (j - 1)/2 - -47. Suppose -2*d + 160 = -4*l, -13*d + 2*d + 3*l = -880. What is the greatest common factor of s and d?
16
Suppose -65*z = -108*z + 25370. Calculate the greatest common divisor of z and 20.
10
Let w(u) = 3*u**2 - 87*u - 33. Let k be w(-5). Calculate the highest common divisor of k and 18.
9
Let l be (6/(-14))/(10/(-210)). Let f(w) = w**3 - 11*w**2 + 19*w - 1. Let t be f(l). What is the greatest common divisor of 10 and t?
2
Let w(c) = -3*c**3 + c**2 + 16*c + 17. Let n be w(-3). Let f = 256 - 79. Calculate the highest common divisor of n and f.
59
Suppose 5*r - 164 = 11*v, -3*r + 281*v = 276*v - 108. Let j(x) = x**3 + 3*x**2 + 2*x - 3. Let w be j(5). What is the highest common factor of r and w?
23
Let n(b) = 30*b + 17. Let j be n(2). Let f = j - 47. Suppose -6*l + 0*l + f = 0. Calculate the greatest common factor of 2 and l.
1
Suppose 4*w - 4 = 0, -230 = -2*b - w + 247. What is the highest common divisor of 28 and b?
14
Let y(b) = -3*b**3 - 6*b**2 - 4*b. Let o be y(-4). Let f be 1*((9 - (15 - 7)) + 558/2). Calculate the highest common factor of f and o.
56
Let b be (-2)/8*(-18 - 253) + 2/8. Calculate the highest common factor of 510 and b.
34
Suppose 194*r + 197*r = 108*r + 1891006. What is the greatest common factor of r and 52?
26
Let b(g) = 78*g**2 - 6*g + 120. Let h be b(7). Calculate the greatest common divisor of h and 39.
39
Suppose 5*d = -5*c + 205, c = 4*c - 5*d - 163. Suppose 0 = 2437*w - 3246*w + 18607. What is the greatest common factor of c and w?
23
Suppose -16*q + 2000 = -176. Calculate the greatest common factor of 1020 and q.
68
Let n be (-384)/(-21) + 26/(-91). Suppose -3*p - n = -45. Calculate the greatest common factor of 63 and p.
9
Suppose 0 = 226*f - 76965 + 2385. What is the greatest common divisor of 285 and f?
15
Suppose p - 65 = -3*f, 12*p - 4*f + 300 = 16*p. Let a = p - 74. Calculate the greatest common factor of a and 30.
6
Let z(w) = -17*w + 156. Let t be z(9). Suppose 5*h + 5*k - 124 + 49 = 0, -t*k + 57 = 4*h. What is the highest common factor of 69 and h?
3
Suppose -3*o = o + 16, 2*o + 76 = n. Let x = 8208 + -8140. Calculate the highest common divisor of n and x.
68
Suppose -3*z + 4*b - 146 + 5558 = 0, -2*z = 4*b - 3588. What is the highest common factor of 27 and z?
9
Suppose 2*s - 3*m = 262, 4*m + 4 = -4. Let x(h) = 91 + h - s - 21*h. Let w be x(-5). Calculate the greatest common factor of w and 42.
21
Suppose -29*o + 81*o - 19964 = 21*o. Calculate the highest common divisor of o and 276.
92
Suppose 10*a + 191 = -1209. Let m be ((-690)/(-75))/(1 + 136/a). What is the highest common divisor of 92 and m?
46
Let a = 190 + -100. Suppose -2*c - 72 = -4*x - 4*c, -5*x + a = 2*c. Suppose u = 43 + 2. Calculate the highest common factor of x and u.
9
Let i = 5097 - 5060. Let o(q) = -5*q**3 - 2*q**2 - 4*q - 3. Suppose 4 + 0 = -2*u. Let r be o(u). Calculate the greatest common divisor of r and i.
37
Let b be (12/10 - 1) + (-2814)/(-105). Let s be (-3)/(-2) - (382833/(-22))/b. What is the greatest common factor of 38 and s?
38
Let g be (320/(-5) - 6)*44/(-10). Suppose -5*v + 3*r + 1120 = 0, -v - 72 = -3*r - g. What is the greatest common divisor of 17 and v?
17
Let v = 910 + -361. Suppose -547*f + v*f - 176 = 0. What is the greatest common divisor of 154 and f?
22
Suppose 3*i = r - 3*r + 40, 107 = 5*r + 4*i. Let l = r + -18. Suppose l*y - 30 = 25. Calculate the highest common divisor of 88 and y.
11
Let k be (1 - -424)*(-160)/(-160). Let j(u) = 2*u**2 + u - 3. Let g be j(-4). What is the highest common divisor of k and g?
25
Suppose 83*p - 1826 - 587 = -44*p. What is the highest common factor of 1539 and p?
19
Let r be (6/(-4) + 4)*486/15. Calculate the greatest common factor of 1053 and r.
81
Let v(l) = 2*l**2 - 14*l - 10. Let b be v(8). Suppose -n - 11 = -2*n + 3*z, -b = -n - 2*z. Let i = 205 + -